5. Determine r(s).
1
Let d be 3 + -2 - (-3 + 1). Let k(r) = 4*r**2 - 2*r**2 + r**3 - r + 0*r + 2*r**d. Determine k(1).
4
Let a(v) = v**3 + 5*v**2 + 4*v + 6. Let u = 34 - 38. Determine a(u).
6
Let n(g) = g**3 + 5*g**2 + 3*g. Let s(b) = b**2 + 9*b - 3. Let c be s(-6). Let l = c + 17. Calculate n(l).
4
Let y be (-1)/3*28/(-14). Let j(x) be the second derivative of 1/12*x**4 - 3/2*x**2 - y*x**3 + 0 - x. Determine j(5).
2
Let x be 5*(-4 + 1 - -2). Let v(w) = w**2 - 2*w - 2*w**2 + 3 - 3*w. Determine v(x).
3
Let r(m) = -2*m + 6. Let t(a) = -a + 10. Suppose -f = 2*p + 3*f - 16, 0 = -5*p + 4*f + 68. Let h be t(p). Let w be (5*(h + 1))/(-1). Give r(w).
-4
Let i(z) = -5*z**3 - 10*z**2 + 1. Let u(j) = 14*j**3 + 29*j**2 - 2. Let c(a) = 17*i(a) + 6*u(a). Calculate c(4).
5
Let t(p) = -6*p - p**3 + 4 - 13*p + 12*p + 6*p**2. What is t(5)?
-6
Let l(d) be the second derivative of d**5/20 - 7*d**4/12 + 2*d**2 + 6*d. What is l(7)?
4
Let y(w) be the first derivative of w**2/2 - 5*w + 2. Let b = 27 + -21. Calculate y(b).
1
Let h(t) = -2*t**3 - 13*t**2 + 13*t + 4. Let d(p) = p**3 + 6*p**2 - 6*p - 2. Let k(m) = -9*d(m) - 4*h(m). Let g be k(-2). Let u(x) = x**2 + 1. Determine u(g).
5
Let v = -2 - 2. Let w(d) = -d**2 - 2*d. Calculate w(v).
-8
Let o(d) be the second derivative of -d**4/3 - d**3/2 - d**2 + 29*d. Let j(t) = t**3 + t**2 - 2*t - 2. Let i be j(-2). What is o(i)?
-12
Let q(b) = b**3 + 15*b**2 - 33*b + 21. Let i be q(-17). Let v(o) be the first derivative of -4 + 1/4*o**i - 1/3*o**3 + 1/2*o**2 - 5*o. Determine v(0).
-5
Let z(o) = -4. Let w(r) = r + 5. Let s(v) = -2*w(v) - 3*z(v). Let f be s(2). Let m(u) = -4*u. What is m(f)?
8
Let v(x) = -x**3 + 3*x**2 - 2. Suppose 2*o - 19 = 3*j, -2*o - 36 + 15 = 5*j. What is v(o)?
2
Let b(p) = p**2 + 6*p + 6. Suppose -3*o - 18 = -5*k, 4*o - 4*k + 24 = -0*o. Determine b(o).
6
Let o(u) = u**3 + u**2 - 2*u + 1. Suppose 3*a - w + 69 = 0, 3*w - 91 = 2*a - 38. Let t = 20 + a. What is o(t)?
1
Let o(d) be the first derivative of -2/3*d**3 - 1/24*d**4 + 4 - 1/60*d**5 + 0*d**2 + 0*d - 1/120*d**6. Let c(n) be the third derivative of o(n). Give c(-1).
-2
Let g(y) = -y**2 + 3*y + 1. Let c = 2 + 3. What is g(c)?
-9
Let d(h) = -10*h**3 + 3*h**2 - 3*h + 12. Let k(f) = 3*f**3 - f**2 + f - 4. Let a(m) = -2*d(m) - 7*k(m). Give a(0).
4
Let n(f) = f**3 - 4*f**2 + 4*f - 3. Let r = 12 + -5. Let y = 9 - r. Let t be 3 - (2 - 2/y). What is n(t)?
-3
Let f(d) = -d + 0*d - 6 + 0. Suppose -6 = 5*p + 4*q, 0 = 5*p - 4*q + 13 + 1. Let h be p/4 - 18/4. Calculate f(h).
-1
Let y(a) = a**2 + 7*a + 6. Let o = -6 - -12. Let x be ((-10)/o)/(7/21). Let f be y(x). Let b(j) = 2*j + 3. What is b(f)?
-5
Let k(t) be the first derivative of -9/2*t**2 - t - 1. Give k(-1).
8
Let r(k) be the third derivative of -k**6/60 + k**5/60 - k**4/24 + k**3/6 + 50*k**2. Determine r(1).
-1
Let m be (-3 + 1)/(-2) + -1. Let z(h) = 8*h**2 - 7*h**2 + h - 2*h**2. Calculate z(m).
0
Let s(h) be the first derivative of 1/2*h**2 + 0*h + 3. What is s(-3)?
-3
Let l(s) = -s**2 - 7*s - 10. Let v be l(-7). Let a(b) = -b**2 - 11*b - 10. Give a(v).
0
Suppose 4*d = -f + 22, 3*d + 17 = 8*d - 4*f. Let b(l) = -l**2 - l + 9. Let w(v) = 2*v**2 + v - 17. Let h(t) = -5*b(t) - 3*w(t). Calculate h(d).
-9
Suppose 7 = a - 3. Suppose -5*b + 4 = 2*h, 0 = -5*h + b + 2*b + a. Let j(f) = 5*f + 2 - 2*f**3 + f**3 + 4*f**h + 4. What is j(5)?
6
Let c(l) = 3*l + 1. Let y be c(1). Suppose -4*v = v - 5*n - 30, -10 = 3*v + y*n. Let m(i) = 2 + i**2 + 0*i**2 - 5*i + 2*i. Determine m(v).
0
Let i = -80 + 149. Suppose 3*k = -0*k + i. Suppose 3*c - 3*j + k = 2, -3*c = -5*j + 25. Let h(b) = b**2 + 2*b - 7. What is h(c)?
8
Suppose 3*b = 2*b + z - 1, 4*b + 13 = -5*z. Let a be (b/(-5))/(1/10). Suppose -3*y - k = 16, 0 = -y - a*y - k - 26. Let i(x) = x + 6. Give i(y).
1
Let j(i) = -i + 4. Suppose 9*u - 5*u + 24 = 0. Let t = 6 + u. Give j(t).
4
Let k(j) = 3*j**3 - 2*j**2 - j - 4. Let u(s) = 2*s**3 - 3*s**2 - s - 3. Let p(r) = -3*k(r) + 4*u(r). Determine p(-6).
6
Let m(r) = r**3 - 4*r**2 + r - 1. Let c = 2 - -3. Suppose 3*w - 17 = -c. Give m(w).
3
Let x(d) be the first derivative of d**3/3 + 11*d**2/2 - 3*d + 49. Determine x(-11).
-3
Let z = -9 - -6. Let b(n) = -5*n**2 + 2*n + 8. Let c(v) = -6*v**2 + 2*v + 9. Let i(r) = 7*b(r) - 6*c(r). Calculate i(z).
5
Let r(j) = j**2 + j - 2. Let h be -21*(2/(-6) - 0). Suppose -h*u = -2*u + 5. Let o = u - -1. Calculate r(o).
-2
Suppose l = 2*l - 2. Let p(n) = -10*n. What is p(l)?
-20
Let s be 1*2/(-1) + 6. Let f(v) = -2 + 0*v + 3 - 3*v + s*v. Calculate f(-4).
-3
Let m(j) = 0*j + 0*j + 5*j**2 + j + j**3 + 4. Let z = 3 + -3. Suppose -3*w + 3*s = 0, -w + z*s = -3*s - 10. Calculate m(w).
-1
Let l(a) = 10 + 11 - 11 - a. Let q(m) be the first derivative of m**3/3 - 7*m**2/2 + 2. Let o be q(7). Determine l(o).
10
Let s(y) = 9*y. Let u = -5 + 4. Calculate s(u).
-9
Let c(r) = -6 - 20*r + 17 - 8. Let x(t) = -7*t + 1. Let w(o) = -6*c(o) + 17*x(o). What is w(1)?
0
Let y(u) = u**3 - 7*u**2 + 5*u. Suppose -5*c - 11 = 19. Let k be 2/c - 38/(-6). Give y(k).
-6
Suppose 0 = -2*m + 10 - 8. Let o(q) = -4*q**2 + 2*q - 1. Give o(m).
-3
Let q(k) = -k**3 - k**2 + k - 10. Let v = -3 - -3. Suppose 3*g + v*g = 0. Calculate q(g).
-10
Let n(w) = -3*w - 3. Let i(c) = -c**3 - 3*c**3 + 6*c**3 + 2*c**2 + c**3 - 1. Let g be i(-1). Calculate n(g).
3
Let k(h) = -h - 9. Let o = 12 - 8. Suppose -y - 3*y - x = 31, o = -y - 4*x. Calculate k(y).
-1
Let a(c) be the first derivative of c**4/4 + c**3 - c**2/2 - c - 3. Let y = 47 + -50. Give a(y).
2
Let g(o) = -4*o + 2. Let r(d) = -5*d + 3. Let p(v) = 3*g(v) - 2*r(v). Let k(c) = c**3 + c**2 + c + 1. Let q be k(0). Calculate p(q).
-2
Let h(o) = -5*o**2 + 12*o + 21. Let u(q) = -2*q**2 + 6*q + 10. Let m(t) = 3*h(t) - 7*u(t). Let y be m(-5). Let v(i) = -1 + 2 - 2 - 2*i. Calculate v(y).
3
Let y(l) = 0*l - 3 + 13*l**3 - 11*l**3 - 2*l**2 - 3*l - l**2. What is y(3)?
15
Let h(v) = 4*v**2 + 2*v - 2. Let d(x) = 5*x**2 + x - 1. Let p(z) = -5*d(z) + 6*h(z). Give p(5).
3
Let a(r) = -r + 3. Suppose 2*x - 30 = -3*x. Let f = 9 - x. Calculate a(f).
0
Let o(v) = v**2 + 5*v + 10. Let h be o(-4). Let d(y) = y**3 - 6*y**2 - y + 3. Determine d(h).
-3
Let z(s) be the first derivative of -3*s**3 - s**2 - s + 1. Suppose -6*j - 1 = 5. Give z(j).
-8
Let i(s) be the second derivative of -s**5/120 + s**4/12 - s**3/3 + s. Let q(u) be the second derivative of i(u). Let b = -1 + -1. Give q(b).
4
Let m(t) = t**3 + 3*t**2 - 7*t - 6. Let x be m(-4). Let l be (-2)/(-2 - -4) + x. Let p(w) = -2*w + 1. Calculate p(l).
-9
Suppose 5*x = -2*d - 4, 4*x = d + 5*x - 1. Suppose -5*y - 25 = 0, y - 3 = 5*n - d*n. Let i(t) = 2*t**2 + 7*t + 5. Calculate i(n).
9
Let f be 27 + (4 + -3)*1. Let z be (-4)/14 + 176/f. Let x(q) = q - 4. Determine x(z).
2
Let q(h) = -h + 9. Let g = 6 - 6. Determine q(g).
9
Let g = 1 - 1. Suppose g = -o - 2. Let u(k) = 5*k + 3. Determine u(o).
-7
Let b(n) = 3*n + 1. Suppose -7 + 3 = -4*k. Determine b(k).
4
Let q(d) be the third derivative of -5/6*d**3 + 1/15*d**5 + 0*d - 1/120*d**6 - 1/12*d**4 + 6*d**2 + 0. Give q(4).
-13
Let x = 50 + -49. Let t(i) = -15*i**3 + 2*i - 1. Give t(x).
-14
Let z(s) = -5*s**2 - 8*s**2 + 5*s + 6*s**2 - 9*s**3. Let v(r) = 5*r**3 + 3*r**2 - 2*r. Let d(x) = -7*v(x) - 3*z(x). Give d(-1).
9
Let w(a) = -a**2 + 2*a + 2. Let b(l) = -l + 10. Let c be b(6). Calculate w(c).
-6
Let i(c) be the first derivative of -c**3 + 3*c**2/2 - 2*c + 1. Let d(y) = -y**3 - 10*y**2 - 9*y + 2. Let r be d(-9). What is i(r)?
-8
Let b be 1 - 12/6 - (-1 - -4). Let c(x) = -x**2 + 1. Calculate c(b).
-15
Let n(c) = -c + 2. Suppose -t - 2*y + 34 = 11, -8 = -4*y. Suppose 3*x = d - 8, 2*x = 4*d - t - 3. Suppose 2*z - 2*k = 4, 0*z + z - d*k = 2. What is n(z)?
0
Let g(q) = -2*q**2 + q - 2. Suppose -2*k + 7*k = 10. Let w be g(k). Let p = w - -4. Let m(l) = -l**2 - 4*l - 1. Determine m(p).
-1
Let c(s) = -s - 7. Suppose 5*q - 6 = 2*q. Let j = q - 6. What is c(j)?
-3
Let o(z) = z**3 - 5*z**2 - 2*z + 7. Let n(t) = -2*t**3 + 10*t**2 + 3*t - 13. Let i(p) = 3*n(p) + 5*o(p). Calculate i(4).
8
Let m(r) = -5*r - 1. Let d be m(-2). Suppose -j - 5 = -d. Let c(k) = k**3 - 4*k**2 + k - 2. What is c(j)?
2
Let m(a) = -a**3 - 4*a**2 - 2*a + 3. Let k be m(-3). Let z(n) be the first derivative of n**4/4 + n**3/3 - n**2/2 - 3*n + 1. Determine z(k).
-3